 composite number?
False
Is 200689 a composite number?
False
Is 4829 a composite number?
True
Is 124213 prime?
True
Is 13781 prime?
True
Is 1157699 a composite number?
False
Is 420923 a composite number?
True
Is 9383 prime?
False
Is 88581 prime?
False
Is 17657 prime?
True
Is 3943 composite?
False
Is 75233 prime?
False
Is 384823 composite?
True
Is 66973 a composite number?
False
Is 5057 a composite number?
True
Is 474619 prime?
True
Is 296839 composite?
True
Is 36131 prime?
True
Is 2437 a composite number?
False
Is 26869 composite?
True
Is 96581 composite?
False
Is 69035 prime?
False
Is 161737 a composite number?
True
Is 5079 a prime number?
False
Is 69371 a composite number?
False
Is 28909 prime?
True
Is 352489 prime?
True
Is 5371 a composite number?
True
Is 239885 a composite number?
True
Is 16127 a prime number?
True
Is 1045081 prime?
True
Is 29263 a prime number?
False
Is 318823 a composite number?
False
Is 41719 composite?
False
Is 223303 a prime number?
True
Is 31919 composite?
True
Is 3709 prime?
True
Is 45007 a prime number?
True
Is 10049 prime?
False
Is 6947 prime?
True
Is 238871 composite?
True
Is 24317 prime?
True
Is 1973 composite?
False
Is 13997 composite?
False
Is 1610083 a prime number?
True
Is 46373 composite?
True
Is 46333 prime?
False
Is 188481 prime?
False
Is 622 composite?
True
Is 1769 composite?
True
Is 877277 prime?
False
Is 192967 composite?
True
Is 116891 prime?
False
Is 26511 a composite number?
True
Is 357131 a prime number?
True
Is 36037 a composite number?
False
Is 11589 a composite number?
True
Is 389057 a prime number?
True
Is 4283 composite?
False
Is 19441 a composite number?
False
Is 292322 a composite number?
True
Is 18562 composite?
True
Is 83177 composite?
False
Is 70671 prime?
False
Is 32881 a prime number?
False
Is 57167 prime?
False
Is 50671 composite?
False
Is 49493 prime?
False
Is 191899 a prime number?
True
Is 719 composite?
False
Is 9967 a composite number?
False
Is 140153 a composite number?
True
Is 78769 prime?
False
Is 137545 a prime number?
False
Is 246271 prime?
True
Is 8069 composite?
False
Is 20011 composite?
False
Is 24551 composite?
False
Is 6898 a composite number?
True
Is 1361 a composite number?
False
Is 20635 composite?
True
Is 223 composite?
False
Is 25385 a prime number?
False
Is 2999 a prime number?
True
Is 2059 composite?
True
Is 8147 prime?
True
Is 180293 a composite number?
True
Is 83653 composite?
False
Is 156809 a composite number?
True
Is 2329 prime?
False
Is 112071 composite?
True
Is 30451 prime?
False
Is 236207 prime?
True
Is 16301 a composite number?
False
Is 79777 prime?
True
Is 79966 a prime number?
False
Is 62107 a composite number?
True
Is 42263 prime?
False
Is 56819 a composite number?
True
Is 14173 composite?
False
Is 10841 a composite number?
True
Is 306951 a prime number?
False
Is 20321 composite?
True
Is 247409 a composite number?
False
Is 15599 composite?
True
Is 19889 prime?
True
Is 147077 composite?
True
Is 8767 composite?
True
Is 62461 composite?
True
Is 111145 a composite number?
True
Is 1319 prime?
True
Is 5941 prime?
False
Is 238213 a prime number?
True
Is 65662 prime?
False
Is 32822 prime?
False
Is 1002481 prime?
True
Is 391 prime?
False
Is 133919 a prime number?
True
Is 96893 a prime number?
True
Is 96847 prime?
True
Is 1124197 prime?
True
Is 462939 prime?
False
Is 512717 a composite number?
False
Is 9753 composite?
True
Is 380194 a prime number?
False
Is 87 prime?
False
Is 4621 prime?
True
Is 3131 a composite number?
True
Is 2554 a composite number?
True
Is 1361 composite?
False
Is 156383 a composite number?
True
Is 100753 prime?
False
Is 10195 composite?
True
Is 269081 a composite number?
True
Is 19373 prime?
True
Is 686461 prime?
False
Is 45943 prime?
True
Is 49501 composite?
True
Is 706474 a composite number?
True
Is 12569 prime?
True
Is 303847 a prime number?
False
Is 3308027 a prime number?
True
Is 6654697 a prime number?
False
Is 7393 prime?
True
Is 738941 a prime number?
False
Is 76163 a composite number?
False
Is 8639 prime?
False
Is 22049 a prime number?
False
Is 389629 a composite number?
False
Is 57973 prime?
True
Is 820757 a composite number?
True
Is 4782637 prime?
True
Is 68119 a prime number?
False
Is 100679 a composite number?
True
Is 280963 a composite number?
False
Is 416989 composite?
False
Is 284447 a prime number?
True
Is 50117 a composite number?
True
Is 82129 composite?
False
Is 24271 a composite number?
True
Is 61621 a composite number?
True
Is 614659 composite?
False
Is 210497 a composite number?
True
Is 1637 a prime number?
True
Is 118115 a composite number?
True
Is 105663 a prime number?
False
Is 2491 a composite number?
True
Is 3442 a prime number?
False
Is 77153 a composite number?
False
Is 892817 a composite number?
False
Is 54313 a composite number?
True
Is 42557 composite?
False
Is 2201 prime?
False
Is 115438 a composite number?
True
Is 118163 a prime number?
True
Is 21839 prime?
True
Is 39127 a composite number?
True
Is 365791 a prime number?
True
Is 79955 prime?
False
Is 479 prime?
True
Is 628007 a prime number?
False
Is 190807 prime?
True
Is 134669 composite?
False
Is 18509 composite?
True
Is 41771 composite?
False
Is 32713 prime?
True
Is 21991 a composite number?
False
Is 579251 a composite number?
False
Is 433491 a composite number?
True
Is 10489 a prime number?
False
Is 10529 a composite number?
False
Is 69691 composite?
False
Is 470245 a composite number?
True
Is 85299 a composite number?
True
Is 1979 prime?
True
Is 12893 a prime number?
True
Is 42985 a prime number?
False
Is 21547 composite?
True
Is 1133881 prime?
False
Is 204406 a prime number?
False
Is 11863 composite?
False
Is 3079 composite?
False
Is 20741 a composite number?
True
Is 43889 a prime number?
True
Is 1856507 composite?
False
Is 24257 prime?
False
Is 10799 prime?
True
Is 315023 a prime number?
False
Is 36739 composite?
False
Is 51971 a composite number?
False
Is 24943 composite?
False
Is 3359 prime?
True
Is 3551 prime?
False
Is 536891 prime?
True
Is 97894 a composite number?
True
Is 400421 a composite number?
True
Is 10327 a prime number?
False
Is 71506 composite?
True
Is 17695 a composite number?
True
Is 402023 a prime number?
True
Is 42923 a composite number?
False
Is 95237 prime?
False
Is 824405 a prime number?
False
Is 85991 prime?
True
Is 1059211 prime?
False
Is 539281 a prime number?
False
Is 331081 prime?
True
Is 24317 a composite number?
False
Is 4613 prime?
False
Is 125297 a prime number?
False
Is 76321 a prime number?
False
Is 11359 prime?
False
Is 2543 a prime number?
True
Is 1122389 a prime number?
True
Is 249799 prime?
False
Is 1383 prime?
False
Is 1760361 composite?
True
Is 17638 a composite number?
True
Is 32569 a composite number?
False
Is 1249 composite?
False
Is 1255621 composite?
True
Is 2882602 a composite number?
True
Is 114547 composite?
False
Is 23801 a prime number?
True
Is 23663 prime?
True
Is 3506663 a composite number?
False
Is 33107 composite?
False
Is 24589 a composite number?
True
Is 1329493 composite?
True
Is 2461 a prime number?
False
Is 408467 composite?
True
Is 57181 a composite number?
True
Is 122531 composite?
True
Is 147053 a composite number?
True
Is 2777 a prime number?
True
Is 114713 prime?
True
Is 33895 a composite number?
True
Is 18089 composite?
False
Is 3722 prime?
False
Is 30237 a composite number?
True
Is 560393 composite?
False
Is 43031 a prime number?
False
Is 9293 a prime number?
True
Is 6385177 composite?
False
Is 276979 composite?
True
Is 106283 a prime number?
False
Is 167285 composite?
True
Is 10831 a prime number?
True
Is 530435 prime?
False
Is 20849 composite?
False
Is 646819 a composite number?
True
Is 565 a composite number?
True
Is 101797 prime?
True
Is 406649 prime?
True
Is 16411 composite?
False
Is 25889 prime?
True
Is 20893 a prime number?
False
Is 8209 composite?
False
Is 11311 composite?
False
Is 15451 composite?
False
Is 267395 a composite number?
True
Is 35023 prime?
True
Is 255419 a composite number?
False
Is 11131 composite?
False
Is 2291 a prime number?
False
Is 23117 a composite number?
False
Is 101377 a composite number?
False
Is 3155 a prime number?
False
Is 4391 prime?
True
Is 2819 a composite number?
False
Is 12421 composite?
False
Is 431083 prime?
True
Is 540461 composite?
False